{"id":112,"date":"2024-06-18T01:33:44","date_gmt":"2024-06-17T23:33:44","guid":{"rendered":"http:\/\/enyos.fr\/?page_id=112"},"modified":"2025-01-25T17:55:52","modified_gmt":"2025-01-25T16:55:52","slug":"le-groupe-enyos","status":"publish","type":"page","link":"https:\/\/enyos.fr\/index.php\/le-groupe-enyos\/","title":{"rendered":"le groupe Enyos"},"content":{"rendered":"\t\t<div data-elementor-type=\"wp-page\" data-elementor-id=\"112\" class=\"elementor elementor-112\" data-elementor-post-type=\"page\">\n\t\t\t\t<div class=\"elementor-element elementor-element-fc88645 e-flex e-con-boxed e-con e-parent\" data-id=\"fc88645\" data-element_type=\"container\" data-settings=\"{&quot;background_background&quot;:&quot;classic&quot;}\">\n\t\t\t\t\t<div class=\"e-con-inner\">\n\t\t\t\t<div class=\"elementor-element elementor-element-20e5fcc elementor-widget elementor-widget-heading\" data-id=\"20e5fcc\" data-element_type=\"widget\" data-widget_type=\"heading.default\">\n\t\t\t\t<div class=\"elementor-widget-container\">\n\t\t\t<style>\/*! elementor - v3.22.0 - 16-06-2024 *\/\n.elementor-heading-title{padding:0;margin:0;line-height:1}.elementor-widget-heading .elementor-heading-title[class*=elementor-size-]>a{color:inherit;font-size:inherit;line-height:inherit}.elementor-widget-heading .elementor-heading-title.elementor-size-small{font-size:15px}.elementor-widget-heading .elementor-heading-title.elementor-size-medium{font-size:19px}.elementor-widget-heading .elementor-heading-title.elementor-size-large{font-size:29px}.elementor-widget-heading .elementor-heading-title.elementor-size-xl{font-size:39px}.elementor-widget-heading .elementor-heading-title.elementor-size-xxl{font-size:59px}<\/style><h2 class=\"elementor-heading-title elementor-size-default\">Le groupe ENYOS<\/h2>\t\t<\/div>\n\t\t\t\t<\/div>\n\t\t\t\t\t<\/div>\n\t\t\t\t<\/div>\n\t\t<div class=\"elementor-element elementor-element-e7c4f4a e-flex e-con-boxed e-con e-parent\" data-id=\"e7c4f4a\" data-element_type=\"container\" data-settings=\"{&quot;background_background&quot;:&quot;classic&quot;}\">\n\t\t\t\t\t<div class=\"e-con-inner\">\n\t\t<div class=\"elementor-element elementor-element-5d98cf3 e-con-full e-flex e-con e-child\" data-id=\"5d98cf3\" data-element_type=\"container\">\n\t\t\t\t<div class=\"elementor-element elementor-element-2e16d36 elementor-widget elementor-widget-heading\" data-id=\"2e16d36\" data-element_type=\"widget\" data-widget_type=\"heading.default\">\n\t\t\t\t<div class=\"elementor-widget-container\">\n\t\t\t<h2 class=\"elementor-heading-title elementor-size-default\">Qui sommes-nous?<\/h2>\t\t<\/div>\n\t\t\t\t<\/div>\n\t\t\t\t<\/div>\n\t\t<div class=\"elementor-element elementor-element-139ea95 e-con-full e-flex e-con e-child\" data-id=\"139ea95\" data-element_type=\"container\">\n\t\t\t\t<div class=\"elementor-element elementor-element-23503bb elementor-widget elementor-widget-spacer\" data-id=\"23503bb\" data-element_type=\"widget\" data-widget_type=\"spacer.default\">\n\t\t\t\t<div class=\"elementor-widget-container\">\n\t\t\t<style>\/*! elementor - v3.22.0 - 16-06-2024 *\/\n.elementor-column .elementor-spacer-inner{height:var(--spacer-size)}.e-con{--container-widget-width:100%}.e-con-inner>.elementor-widget-spacer,.e-con>.elementor-widget-spacer{width:var(--container-widget-width,var(--spacer-size));--align-self:var(--container-widget-align-self,initial);--flex-shrink:0}.e-con-inner>.elementor-widget-spacer>.elementor-widget-container,.e-con>.elementor-widget-spacer>.elementor-widget-container{height:100%;width:100%}.e-con-inner>.elementor-widget-spacer>.elementor-widget-container>.elementor-spacer,.e-con>.elementor-widget-spacer>.elementor-widget-container>.elementor-spacer{height:100%}.e-con-inner>.elementor-widget-spacer>.elementor-widget-container>.elementor-spacer>.elementor-spacer-inner,.e-con>.elementor-widget-spacer>.elementor-widget-container>.elementor-spacer>.elementor-spacer-inner{height:var(--container-widget-height,var(--spacer-size))}.e-con-inner>.elementor-widget-spacer.elementor-widget-empty,.e-con>.elementor-widget-spacer.elementor-widget-empty{position:relative;min-height:22px;min-width:22px}.e-con-inner>.elementor-widget-spacer.elementor-widget-empty .elementor-widget-empty-icon,.e-con>.elementor-widget-spacer.elementor-widget-empty .elementor-widget-empty-icon{position:absolute;top:0;bottom:0;left:0;right:0;margin:auto;padding:0;width:22px;height:22px}<\/style>\t\t<div class=\"elementor-spacer\">\n\t\t\t<div class=\"elementor-spacer-inner\"><\/div>\n\t\t<\/div>\n\t\t\t\t<\/div>\n\t\t\t\t<\/div>\n\t\t\t\t<\/div>\n\t\t<div class=\"elementor-element elementor-element-1218d0b e-con-full e-flex e-con e-child\" data-id=\"1218d0b\" data-element_type=\"container\">\n\t\t\t\t<div class=\"elementor-element elementor-element-e6e618b elementor-widget elementor-widget-text-editor\" data-id=\"e6e618b\" data-element_type=\"widget\" data-widget_type=\"text-editor.default\">\n\t\t\t\t<div class=\"elementor-widget-container\">\n\t\t\t<style>\/*! elementor - v3.22.0 - 16-06-2024 *\/\n.elementor-widget-text-editor.elementor-drop-cap-view-stacked .elementor-drop-cap{background-color:#69727d;color:#fff}.elementor-widget-text-editor.elementor-drop-cap-view-framed .elementor-drop-cap{color:#69727d;border:3px solid;background-color:transparent}.elementor-widget-text-editor:not(.elementor-drop-cap-view-default) .elementor-drop-cap{margin-top:8px}.elementor-widget-text-editor:not(.elementor-drop-cap-view-default) .elementor-drop-cap-letter{width:1em;height:1em}.elementor-widget-text-editor .elementor-drop-cap{float:left;text-align:center;line-height:1;font-size:50px}.elementor-widget-text-editor .elementor-drop-cap-letter{display:inline-block}<\/style>\t\t\t\t<p>En 1998, Fran\u00e7ois BERNARD a cr\u00e9\u00e9 ENYOS avec l&#8217;objectif de concevoir la s\u00e9curit\u00e9 diff\u00e9remment.\u00a0<\/p><p>Pourquoi ENYOS ? Enyo est la d\u00e9esse grecque des batailles, qui en sort toujours victorieuse. ENYOS fait donc le parall\u00e8le entre ces batailles et nos missions accomplies avec succ\u00e8s.\u00a0<\/p><p>Le &#8220;S&#8221; rappelle le &#8220;S&#8221; de S\u00e9curit\u00e9, car M. BERNARD, passionn\u00e9 par ce secteur, prot\u00e8ge et d\u00e9fend ces valeurs.\u00a0<\/p><p>ENYOS accorde une attention particuli\u00e8re \u00e0 sa client\u00e8le : &#8220;La protection des personnes et des biens requiert expertise, savoir-faire, un personnel r\u00e9actif, form\u00e9 et professionnel, capable d&#8217;apporter \u00e0 chaque situation une r\u00e9ponse sur-mesure.&#8221;<\/p>\t\t\t\t\t\t<\/div>\n\t\t\t\t<\/div>\n\t\t\t\t<\/div>\n\t\t\t\t\t<\/div>\n\t\t\t\t<\/div>\n\t\t<div class=\"elementor-element elementor-element-e5a7554 e-flex e-con-boxed e-con e-parent\" data-id=\"e5a7554\" data-element_type=\"container\" data-settings=\"{&quot;background_background&quot;:&quot;classic&quot;}\">\n\t\t\t\t\t<div class=\"e-con-inner\">\n\t\t<div class=\"elementor-element elementor-element-cd7a591 e-con-full e-flex e-con e-child\" data-id=\"cd7a591\" data-element_type=\"container\">\n\t\t\t\t<div class=\"elementor-element elementor-element-e900d18 elementor-widget elementor-widget-heading\" data-id=\"e900d18\" data-element_type=\"widget\" data-widget_type=\"heading.default\">\n\t\t\t\t<div class=\"elementor-widget-container\">\n\t\t\t<h2 class=\"elementor-heading-title elementor-size-default\">Notre activit\u00e9<\/h2>\t\t<\/div>\n\t\t\t\t<\/div>\n\t\t\t\t<\/div>\n\t\t<div class=\"elementor-element elementor-element-64550b7 e-con-full e-flex e-con e-child\" data-id=\"64550b7\" data-element_type=\"container\">\n\t\t\t\t<div class=\"elementor-element elementor-element-b08f932 elementor-widget elementor-widget-spacer\" data-id=\"b08f932\" data-element_type=\"widget\" data-widget_type=\"spacer.default\">\n\t\t\t\t<div class=\"elementor-widget-container\">\n\t\t\t\t\t<div class=\"elementor-spacer\">\n\t\t\t<div class=\"elementor-spacer-inner\"><\/div>\n\t\t<\/div>\n\t\t\t\t<\/div>\n\t\t\t\t<\/div>\n\t\t\t\t<\/div>\n\t\t<div class=\"elementor-element elementor-element-9b1b489 e-con-full e-flex e-con e-child\" data-id=\"9b1b489\" data-element_type=\"container\">\n\t\t\t\t<div class=\"elementor-element elementor-element-2d177e0 elementor-widget elementor-widget-text-editor\" data-id=\"2d177e0\" data-element_type=\"widget\" data-widget_type=\"text-editor.default\">\n\t\t\t\t<div class=\"elementor-widget-container\">\n\t\t\t\t\t\t\t<p>Nous veillons \u00e0 votre s\u00e9curit\u00e9 et \u00e0 votre accueil, afin de vous permettre de vous concentrer sur l\u2019essentiel.<\/p><p>Nous mettons en place un suivi, allant du conseil \u00e0 la mise en \u0153uvre de solutions de pr\u00e9vention, de s\u00fbret\u00e9 et de s\u00e9curit\u00e9.<\/p><p>Nos responsables accordent une grande importance \u00e0 la qualit\u00e9 du management des \u00e9quipes, ce qui se refl\u00e8te sur le terrain.<\/p><p>Ils prennent les d\u00e9cisions n\u00e9cessaires pour garantir votre satisfaction.<\/p><p>Notre savoir-faire repose sur la ma\u00eetrise de nos services, la communication et la confiance que nous \u00e9tablissons avec nos clients. Notre savoir-\u00eatre repose sur un socle de valeurs et d&#8217;engagement partag\u00e9 par toute l&#8217;\u00e9quipe ENYOS.<\/p>\t\t\t\t\t\t<\/div>\n\t\t\t\t<\/div>\n\t\t\t\t<\/div>\n\t\t\t\t\t<\/div>\n\t\t\t\t<\/div>\n\t\t<div class=\"elementor-element elementor-element-77da54a e-flex e-con-boxed e-con e-parent\" data-id=\"77da54a\" data-element_type=\"container\" data-settings=\"{&quot;background_background&quot;:&quot;classic&quot;}\">\n\t\t\t\t\t<div class=\"e-con-inner\">\n\t\t<div class=\"elementor-element elementor-element-eca37f2 e-con-full e-flex e-con e-child\" data-id=\"eca37f2\" data-element_type=\"container\">\n\t\t\t\t<div class=\"elementor-element elementor-element-d92ca48 elementor-widget elementor-widget-heading\" data-id=\"d92ca48\" data-element_type=\"widget\" data-widget_type=\"heading.default\">\n\t\t\t\t<div class=\"elementor-widget-container\">\n\t\t\t<h2 class=\"elementor-heading-title elementor-size-default\">Chiffres cl\u00e9s<\/h2>\t\t<\/div>\n\t\t\t\t<\/div>\n\t\t\t\t<\/div>\n\t\t<div class=\"elementor-element elementor-element-6d8cb8b e-con-full e-flex e-con e-child\" data-id=\"6d8cb8b\" data-element_type=\"container\">\n\t\t\t\t<div class=\"elementor-element elementor-element-495fb5f elementor-widget elementor-widget-spacer\" data-id=\"495fb5f\" data-element_type=\"widget\" data-widget_type=\"spacer.default\">\n\t\t\t\t<div class=\"elementor-widget-container\">\n\t\t\t\t\t<div class=\"elementor-spacer\">\n\t\t\t<div class=\"elementor-spacer-inner\"><\/div>\n\t\t<\/div>\n\t\t\t\t<\/div>\n\t\t\t\t<\/div>\n\t\t\t\t<\/div>\n\t\t<div class=\"elementor-element elementor-element-d1d0efe e-con-full e-flex e-con e-child\" data-id=\"d1d0efe\" data-element_type=\"container\">\n\t\t\t\t<div class=\"elementor-element elementor-element-b8d7504 elementor-widget elementor-widget-text-editor\" data-id=\"b8d7504\" data-element_type=\"widget\" data-widget_type=\"text-editor.default\">\n\t\t\t\t<div class=\"elementor-widget-container\">\n\t\t\t\t\t\t\t<p><span style=\"vertical-align: inherit;\"><span style=\"vertical-align: inherit;\">A venir sous peu.<\/span><\/span><\/p>\t\t\t\t\t\t<\/div>\n\t\t\t\t<\/div>\n\t\t\t\t<\/div>\n\t\t\t\t\t<\/div>\n\t\t\t\t<\/div>\n\t\t<div class=\"elementor-element elementor-element-d11fa22 e-flex e-con-boxed e-con e-parent\" data-id=\"d11fa22\" data-element_type=\"container\" data-settings=\"{&quot;background_background&quot;:&quot;classic&quot;}\">\n\t\t\t\t\t<div class=\"e-con-inner\">\n\t\t<div class=\"elementor-element elementor-element-17e8637 e-con-full e-flex e-con e-child\" data-id=\"17e8637\" data-element_type=\"container\">\n\t\t\t\t<div class=\"elementor-element elementor-element-101e61a elementor-widget elementor-widget-heading\" data-id=\"101e61a\" data-element_type=\"widget\" data-widget_type=\"heading.default\">\n\t\t\t\t<div class=\"elementor-widget-container\">\n\t\t\t<h2 class=\"elementor-heading-title elementor-size-default\">Partenaires<\/h2>\t\t<\/div>\n\t\t\t\t<\/div>\n\t\t\t\t<\/div>\n\t\t<div class=\"elementor-element elementor-element-48e7469 e-con-full e-flex e-con e-child\" data-id=\"48e7469\" data-element_type=\"container\">\n\t\t\t\t<div class=\"elementor-element elementor-element-2a5c70e elementor-widget elementor-widget-spacer\" data-id=\"2a5c70e\" data-element_type=\"widget\" data-widget_type=\"spacer.default\">\n\t\t\t\t<div class=\"elementor-widget-container\">\n\t\t\t\t\t<div class=\"elementor-spacer\">\n\t\t\t<div class=\"elementor-spacer-inner\"><\/div>\n\t\t<\/div>\n\t\t\t\t<\/div>\n\t\t\t\t<\/div>\n\t\t\t\t<\/div>\n\t\t<div class=\"elementor-element elementor-element-73c03e2 e-con-full e-flex e-con e-child\" data-id=\"73c03e2\" data-element_type=\"container\">\n\t\t\t\t<div class=\"elementor-element elementor-element-45fb623 elementor-widget elementor-widget-text-editor\" data-id=\"45fb623\" data-element_type=\"widget\" data-widget_type=\"text-editor.default\">\n\t\t\t\t<div class=\"elementor-widget-container\">\n\t\t\t\t\t\t\t<p>Le travail en \u00e9quipe, c&#8217;est toujours mieux que de travailler seul, car cela permet de partager les responsabilit\u00e9s et de b\u00e9n\u00e9ficier des comp\u00e9tences de chacun.<\/p>\t\t\t\t\t\t<\/div>\n\t\t\t\t<\/div>\n\t\t\t\t<\/div>\n\t\t\t\t\t<\/div>\n\t\t\t\t<\/div>\n\t\t<div class=\"elementor-element elementor-element-676eaa2 e-flex e-con-boxed e-con e-parent\" data-id=\"676eaa2\" data-element_type=\"container\" data-settings=\"{&quot;background_background&quot;:&quot;classic&quot;}\">\n\t\t\t\t\t<div class=\"e-con-inner\">\n\t\t<div class=\"elementor-element elementor-element-f59dba7 e-con-full e-flex e-con e-child\" data-id=\"f59dba7\" data-element_type=\"container\">\n\t\t\t\t<div class=\"elementor-element elementor-element-aabd93a elementor-widget elementor-widget-image\" data-id=\"aabd93a\" data-element_type=\"widget\" data-widget_type=\"image.default\">\n\t\t\t\t<div class=\"elementor-widget-container\">\n\t\t\t<style>\/*! elementor - v3.22.0 - 16-06-2024 *\/\n.elementor-widget-image{text-align:center}.elementor-widget-image a{display:inline-block}.elementor-widget-image a img[src$=\".svg\"]{width:48px}.elementor-widget-image img{vertical-align:middle;display:inline-block}<\/style>\t\t\t\t\t\t\t\t\t\t<img decoding=\"async\" src=\"https:\/\/enyos.fr\/wp-content\/uploads\/2024\/06\/Logo-Tamariss-Formation.png\" title=\"Logo-Tamariss-Formation\" alt=\"Logo-Tamariss-Formation\" loading=\"lazy\" \/>\t\t\t\t\t\t\t\t\t\t\t\t\t<\/div>\n\t\t\t\t<\/div>\n\t\t\t\t<\/div>\n\t\t<div class=\"elementor-element elementor-element-9112988 e-con-full e-flex e-con e-child\" data-id=\"9112988\" data-element_type=\"container\">\n\t\t\t\t<div class=\"elementor-element elementor-element-b45d4eb elementor-widget elementor-widget-text-editor\" data-id=\"b45d4eb\" data-element_type=\"widget\" data-widget_type=\"text-editor.default\">\n\t\t\t\t<div class=\"elementor-widget-container\">\n\t\t\t\t\t\t\t<p><span style=\"vertical-align: inherit;\"><span style=\"vertical-align: inherit;\"><span style=\"vertical-align: inherit;\"><span style=\"vertical-align: inherit;\">TAMARISS Formation, pr\u00e9vention des risques au travail.<\/span><\/span><\/span><\/span><\/p><p><span style=\"vertical-align: inherit;\"><span style=\"vertical-align: inherit;\">https:\/\/www.tamariss.fr\/<\/span><\/span><\/p>\t\t\t\t\t\t<\/div>\n\t\t\t\t<\/div>\n\t\t\t\t<\/div>\n\t\t\t\t\t<\/div>\n\t\t\t\t<\/div>\n\t\t<div class=\"elementor-element elementor-element-560c5ef e-flex e-con-boxed e-con e-parent\" data-id=\"560c5ef\" data-element_type=\"container\" data-settings=\"{&quot;background_background&quot;:&quot;classic&quot;}\">\n\t\t\t\t\t<div class=\"e-con-inner\">\n\t\t<div class=\"elementor-element elementor-element-cf84e40 e-con-full e-flex e-con e-child\" data-id=\"cf84e40\" data-element_type=\"container\">\n\t\t\t\t<div class=\"elementor-element elementor-element-f029a4d elementor-widget elementor-widget-image\" data-id=\"f029a4d\" data-element_type=\"widget\" data-widget_type=\"image.default\">\n\t\t\t\t<div class=\"elementor-widget-container\">\n\t\t\t\t\t\t\t\t\t\t\t\t\t<img decoding=\"async\" width=\"300\" height=\"96\" src=\"https:\/\/enyos.fr\/wp-content\/uploads\/2024\/06\/132b6c0a-1bbf-464f-b40b-380db483335c-300x96.png\" class=\"attachment-medium size-medium wp-image-273\" alt=\"\" srcset=\"https:\/\/enyos.fr\/wp-content\/uploads\/2024\/06\/132b6c0a-1bbf-464f-b40b-380db483335c-300x96.png 300w, https:\/\/enyos.fr\/wp-content\/uploads\/2024\/06\/132b6c0a-1bbf-464f-b40b-380db483335c.png 396w\" sizes=\"(max-width: 300px) 100vw, 300px\" \/>\t\t\t\t\t\t\t\t\t\t\t\t\t<\/div>\n\t\t\t\t<\/div>\n\t\t\t\t<\/div>\n\t\t<div class=\"elementor-element elementor-element-1b3b2a4 e-con-full e-flex e-con e-child\" data-id=\"1b3b2a4\" data-element_type=\"container\">\n\t\t\t\t<div class=\"elementor-element elementor-element-a9f13c8 elementor-widget elementor-widget-text-editor\" data-id=\"a9f13c8\" data-element_type=\"widget\" data-widget_type=\"text-editor.default\">\n\t\t\t\t<div class=\"elementor-widget-container\">\n\t\t\t\t\t\t\t<p><span style=\"vertical-align: inherit;\"><span style=\"vertical-align: inherit;\">IMA Protect, pour tous ceux qui comptent pour vous, vous pouvez compter sur nous.<\/span><\/span><\/p><p>https:\/\/www.imaprotect.com\/<\/p>\t\t\t\t\t\t<\/div>\n\t\t\t\t<\/div>\n\t\t\t\t<\/div>\n\t\t<div class=\"elementor-element elementor-element-bc16ba1 e-con-full e-flex e-con e-child\" data-id=\"bc16ba1\" data-element_type=\"container\">\n\t\t\t\t<div class=\"elementor-element elementor-element-06d6382 elementor-widget elementor-widget-image\" data-id=\"06d6382\" data-element_type=\"widget\" data-widget_type=\"image.default\">\n\t\t\t\t<div class=\"elementor-widget-container\">\n\t\t\t\t\t\t\t\t\t\t\t\t\t<img decoding=\"async\" src=\"https:\/\/enyos.fr\/wp-content\/uploads\/2024\/06\/logo_aquila-1.jpg\" title=\"logo_aquila (1)\" alt=\"logo_aquila (1)\" loading=\"lazy\" \/>\t\t\t\t\t\t\t\t\t\t\t\t\t<\/div>\n\t\t\t\t<\/div>\n\t\t\t\t<\/div>\n\t\t<div class=\"elementor-element elementor-element-2bd94f2 e-con-full e-flex e-con e-child\" data-id=\"2bd94f2\" data-element_type=\"container\">\n\t\t\t\t<div class=\"elementor-element elementor-element-340a4e3 elementor-widget elementor-widget-text-editor\" data-id=\"340a4e3\" data-element_type=\"widget\" data-widget_type=\"text-editor.default\">\n\t\t\t\t<div class=\"elementor-widget-container\">\n\t\t\t\t\t\t\t<p><span style=\"vertical-align: inherit;\"><span style=\"vertical-align: inherit;\">Aquila, la s\u00e9curit\u00e9 mobile partout, tout le temps.<\/span><\/span><\/p><p>https:\/\/www.reseau-aquila.fr\/<\/p>\t\t\t\t\t\t<\/div>\n\t\t\t\t<\/div>\n\t\t\t\t<\/div>\n\t\t\t\t\t<\/div>\n\t\t\t\t<\/div>\n\t\t\t\t<\/div>\n\t\t","protected":false},"excerpt":{"rendered":"<p>Le groupe ENYOS Qui sommes-nous? En 1998, Fran\u00e7ois BERNARD a cr\u00e9\u00e9 ENYOS avec l&#8217;objectif de concevoir la s\u00e9curit\u00e9 diff\u00e9remment.\u00a0 Pourquoi ENYOS ? Enyo est la d\u00e9esse grecque des batailles, qui en sort toujours victorieuse. ENYOS fait donc le parall\u00e8le entre ces batailles et nos missions accomplies avec succ\u00e8s.\u00a0 Le &#8220;S&#8221; rappelle le &#8220;S&#8221; de S\u00e9curit\u00e9,&#8230;<\/p>\n","protected":false},"author":1,"featured_media":0,"parent":0,"menu_order":0,"comment_status":"closed","ping_status":"closed","template":"","meta":{"_kad_post_transparent":"","_kad_post_title":"hide","_kad_post_layout":"fullwidth","_kad_post_sidebar_id":"","_kad_post_content_style":"unboxed","_kad_post_vertical_padding":"hide","_kad_post_feature":"hide","_kad_post_feature_position":"","_kad_post_header":false,"_kad_post_footer":false,"footnotes":""},"class_list":["post-112","page","type-page","status-publish","hentry"],"_links":{"self":[{"href":"https:\/\/enyos.fr\/index.php\/wp-json\/wp\/v2\/pages\/112","targetHints":{"allow":["GET"]}}],"collection":[{"href":"https:\/\/enyos.fr\/index.php\/wp-json\/wp\/v2\/pages"}],"about":[{"href":"https:\/\/enyos.fr\/index.php\/wp-json\/wp\/v2\/types\/page"}],"author":[{"embeddable":true,"href":"https:\/\/enyos.fr\/index.php\/wp-json\/wp\/v2\/users\/1"}],"replies":[{"embeddable":true,"href":"https:\/\/enyos.fr\/index.php\/wp-json\/wp\/v2\/comments?post=112"}],"version-history":[{"count":19,"href":"https:\/\/enyos.fr\/index.php\/wp-json\/wp\/v2\/pages\/112\/revisions"}],"predecessor-version":[{"id":278,"href":"https:\/\/enyos.fr\/index.php\/wp-json\/wp\/v2\/pages\/112\/revisions\/278"}],"wp:attachment":[{"href":"https:\/\/enyos.fr\/index.php\/wp-json\/wp\/v2\/media?parent=112"}],"curies":[{"name":"wp","href":"https:\/\/api.w.org\/{rel}","templated":true}]}}