{"id":170,"date":"2024-06-20T22:58:24","date_gmt":"2024-06-20T20:58:24","guid":{"rendered":"http:\/\/enyos.fr\/?page_id=170"},"modified":"2024-06-20T23:35:49","modified_gmt":"2024-06-20T21:35:49","slug":"agent-de-securite-evenementiel-2","status":"publish","type":"page","link":"https:\/\/enyos.fr\/index.php\/notre-offre-de-services\/agent-de-securite-evenementiel-2\/","title":{"rendered":"Agent de s\u00e9curit\u00e9 \u00e9v\u00e9nementiel"},"content":{"rendered":"\t\t<div data-elementor-type=\"wp-page\" data-elementor-id=\"170\" class=\"elementor elementor-170\" data-elementor-post-type=\"page\">\n\t\t\t\t<div class=\"elementor-element elementor-element-9a6de55 e-flex e-con-boxed e-con e-parent\" data-id=\"9a6de55\" data-element_type=\"container\" data-settings=\"{&quot;background_background&quot;:&quot;classic&quot;}\">\n\t\t\t\t\t<div class=\"e-con-inner\">\n\t\t\t\t<div class=\"elementor-element elementor-element-0bd5dbc elementor-widget elementor-widget-heading\" data-id=\"0bd5dbc\" data-element_type=\"widget\" data-widget_type=\"heading.default\">\n\t\t\t\t<div class=\"elementor-widget-container\">\n\t\t\t<style>\/*! elementor - v3.22.0 - 16-06-2024 *\/\n.elementor-heading-title{padding:0;margin:0;line-height:1}.elementor-widget-heading .elementor-heading-title[class*=elementor-size-]>a{color:inherit;font-size:inherit;line-height:inherit}.elementor-widget-heading .elementor-heading-title.elementor-size-small{font-size:15px}.elementor-widget-heading .elementor-heading-title.elementor-size-medium{font-size:19px}.elementor-widget-heading .elementor-heading-title.elementor-size-large{font-size:29px}.elementor-widget-heading .elementor-heading-title.elementor-size-xl{font-size:39px}.elementor-widget-heading .elementor-heading-title.elementor-size-xxl{font-size:59px}<\/style><h2 class=\"elementor-heading-title elementor-size-default\">Agent de s\u00e9curit\u00e9 \u00e9v\u00e9nementiel<\/h2>\t\t<\/div>\n\t\t\t\t<\/div>\n\t\t\t\t\t<\/div>\n\t\t\t\t<\/div>\n\t\t<div class=\"elementor-element elementor-element-096d5db e-con-full e-flex e-con e-parent\" data-id=\"096d5db\" data-element_type=\"container\" data-settings=\"{&quot;background_background&quot;:&quot;classic&quot;}\">\n\t\t<div class=\"elementor-element elementor-element-9b3982c e-con-full e-flex e-con e-child\" data-id=\"9b3982c\" data-element_type=\"container\">\n\t\t\t\t<div class=\"elementor-element elementor-element-01270f4 elementor-widget elementor-widget-image\" data-id=\"01270f4\" data-element_type=\"widget\" data-widget_type=\"image.default\">\n\t\t\t\t<div class=\"elementor-widget-container\">\n\t\t\t<style>\/*! elementor - v3.22.0 - 16-06-2024 *\/\n.elementor-widget-image{text-align:center}.elementor-widget-image a{display:inline-block}.elementor-widget-image a img[src$=\".svg\"]{width:48px}.elementor-widget-image img{vertical-align:middle;display:inline-block}<\/style>\t\t\t\t\t\t\t\t\t\t<img fetchpriority=\"high\" decoding=\"async\" width=\"800\" height=\"800\" src=\"https:\/\/enyos.fr\/wp-content\/uploads\/2024\/06\/agent-evenementiel.jpg\" class=\"attachment-large size-large wp-image-117\" alt=\"\" srcset=\"https:\/\/enyos.fr\/wp-content\/uploads\/2024\/06\/agent-evenementiel.jpg 800w, https:\/\/enyos.fr\/wp-content\/uploads\/2024\/06\/agent-evenementiel-300x300.jpg 300w, https:\/\/enyos.fr\/wp-content\/uploads\/2024\/06\/agent-evenementiel-150x150.jpg 150w, https:\/\/enyos.fr\/wp-content\/uploads\/2024\/06\/agent-evenementiel-768x768.jpg 768w\" sizes=\"(max-width: 800px) 100vw, 800px\" \/>\t\t\t\t\t\t\t\t\t\t\t\t\t<\/div>\n\t\t\t\t<\/div>\n\t\t\t\t<\/div>\n\t\t<div class=\"elementor-element elementor-element-ab38de7 e-con-full e-flex e-con e-child\" data-id=\"ab38de7\" data-element_type=\"container\">\n\t\t\t\t<div class=\"elementor-element elementor-element-3d4d20e elementor-widget elementor-widget-text-editor\" data-id=\"3d4d20e\" data-element_type=\"widget\" data-widget_type=\"text-editor.default\">\n\t\t\t\t<div class=\"elementor-widget-container\">\n\t\t\t<style>\/*! elementor - v3.22.0 - 16-06-2024 *\/\n.elementor-widget-text-editor.elementor-drop-cap-view-stacked .elementor-drop-cap{background-color:#69727d;color:#fff}.elementor-widget-text-editor.elementor-drop-cap-view-framed .elementor-drop-cap{color:#69727d;border:3px solid;background-color:transparent}.elementor-widget-text-editor:not(.elementor-drop-cap-view-default) .elementor-drop-cap{margin-top:8px}.elementor-widget-text-editor:not(.elementor-drop-cap-view-default) .elementor-drop-cap-letter{width:1em;height:1em}.elementor-widget-text-editor .elementor-drop-cap{float:left;text-align:center;line-height:1;font-size:50px}.elementor-widget-text-editor .elementor-drop-cap-letter{display:inline-block}<\/style>\t\t\t\t<p>Le R\u00f4le de l&#8217;Agent de S\u00e9curit\u00e9 \u00c9v\u00e9nementiel<\/p><p>Les agents de s\u00e9curit\u00e9 \u00e9v\u00e9nementiels sont essentiels pour assurer la s\u00e9curit\u00e9 et le bon d\u00e9roulement des \u00e9v\u00e9nements, qu&#8217;ils soient petits ou grands.<\/p><p>1. Pr\u00e9vention des Incidents : Gr\u00e2ce \u00e0 leur vigilance, les agents peuvent identifier et pr\u00e9venir les comportements suspects avant qu&#8217;ils ne d\u00e9g\u00e9n\u00e8rent.<\/p><p>2. Gestion des Foules : Ils contr\u00f4lent les acc\u00e8s et dirigent les flux de personnes pour \u00e9viter les mouvements de foule dangereux.<\/p><p>3. Intervention en Cas de Crise : Form\u00e9s pour g\u00e9rer les urgences, les agents interviennent rapidement en cas de besoin, collaborant avec les services d&#8217;urgence.<\/p><p>4. Accueil et Orientation : Les agents fournissent des informations et guident les participants, am\u00e9liorant ainsi leur exp\u00e9rience globale.<\/p><p>5. Surveillance des Installations : Ils prot\u00e8gent les installations et \u00e9quipements, effectuant des rondes r\u00e9guli\u00e8res pour pr\u00e9venir le vandalisme et le vol.<\/p><p>6. Mise en \u0152uvre des Mesures de S\u00e9curit\u00e9 : Les agents font respecter les r\u00e8gles de s\u00e9curit\u00e9, incluant les contr\u00f4les \u00e0 l&#8217;entr\u00e9e et la v\u00e9rification des badges ou billets.<\/p><p>En r\u00e9sum\u00e9, les agents de s\u00e9curit\u00e9 \u00e9v\u00e9nementiels garantissent la s\u00e9curit\u00e9 et la s\u00e9r\u00e9nit\u00e9 des \u00e9v\u00e9nements, permettant aux organisateurs de se concentrer sur leur succ\u00e8s.<\/p>\t\t\t\t\t\t<\/div>\n\t\t\t\t<\/div>\n\t\t\t\t<\/div>\n\t\t\t\t<\/div>\n\t\t\t\t<\/div>\n\t\t","protected":false},"excerpt":{"rendered":"<p>Agent de s\u00e9curit\u00e9 \u00e9v\u00e9nementiel Le R\u00f4le de l&#8217;Agent de S\u00e9curit\u00e9 \u00c9v\u00e9nementiel Les agents de s\u00e9curit\u00e9 \u00e9v\u00e9nementiels sont essentiels pour assurer la s\u00e9curit\u00e9 et le bon d\u00e9roulement des \u00e9v\u00e9nements, qu&#8217;ils soient petits ou grands. 1. Pr\u00e9vention des Incidents : Gr\u00e2ce \u00e0 leur vigilance, les agents peuvent identifier et pr\u00e9venir les comportements suspects avant qu&#8217;ils ne d\u00e9g\u00e9n\u00e8rent&#8230;.<\/p>\n","protected":false},"author":1,"featured_media":117,"parent":115,"menu_order":0,"comment_status":"closed","ping_status":"closed","template":"","meta":{"_kad_post_transparent":"","_kad_post_title":"hide","_kad_post_layout":"fullwidth","_kad_post_sidebar_id":"","_kad_post_content_style":"unboxed","_kad_post_vertical_padding":"hide","_kad_post_feature":"hide","_kad_post_feature_position":"","_kad_post_header":false,"_kad_post_footer":false,"footnotes":""},"class_list":["post-170","page","type-page","status-publish","has-post-thumbnail","hentry"],"_links":{"self":[{"href":"https:\/\/enyos.fr\/index.php\/wp-json\/wp\/v2\/pages\/170","targetHints":{"allow":["GET"]}}],"collection":[{"href":"https:\/\/enyos.fr\/index.php\/wp-json\/wp\/v2\/pages"}],"about":[{"href":"https:\/\/enyos.fr\/index.php\/wp-json\/wp\/v2\/types\/page"}],"author":[{"embeddable":true,"href":"https:\/\/enyos.fr\/index.php\/wp-json\/wp\/v2\/users\/1"}],"replies":[{"embeddable":true,"href":"https:\/\/enyos.fr\/index.php\/wp-json\/wp\/v2\/comments?post=170"}],"version-history":[{"count":4,"href":"https:\/\/enyos.fr\/index.php\/wp-json\/wp\/v2\/pages\/170\/revisions"}],"predecessor-version":[{"id":177,"href":"https:\/\/enyos.fr\/index.php\/wp-json\/wp\/v2\/pages\/170\/revisions\/177"}],"up":[{"embeddable":true,"href":"https:\/\/enyos.fr\/index.php\/wp-json\/wp\/v2\/pages\/115"}],"wp:featuredmedia":[{"embeddable":true,"href":"https:\/\/enyos.fr\/index.php\/wp-json\/wp\/v2\/media\/117"}],"wp:attachment":[{"href":"https:\/\/enyos.fr\/index.php\/wp-json\/wp\/v2\/media?parent=170"}],"curies":[{"name":"wp","href":"https:\/\/api.w.org\/{rel}","templated":true}]}}