{"id":201,"date":"2024-06-20T23:11:09","date_gmt":"2024-06-20T21:11:09","guid":{"rendered":"http:\/\/enyos.fr\/?page_id=201"},"modified":"2024-06-20T23:12:14","modified_gmt":"2024-06-20T21:12:14","slug":"agent-cynophile","status":"publish","type":"page","link":"https:\/\/enyos.fr\/index.php\/notre-offre-de-services\/agent-cynophile\/","title":{"rendered":"Agent cynophile"},"content":{"rendered":"\t\t<div data-elementor-type=\"wp-page\" data-elementor-id=\"201\" class=\"elementor elementor-201\" data-elementor-post-type=\"page\">\n\t\t\t\t<div class=\"elementor-element elementor-element-28227422 e-flex e-con-boxed e-con e-parent\" data-id=\"28227422\" data-element_type=\"container\" data-settings=\"{&quot;background_background&quot;:&quot;classic&quot;}\">\n\t\t\t\t\t<div class=\"e-con-inner\">\n\t\t\t\t<div class=\"elementor-element elementor-element-673a4bf9 elementor-widget elementor-widget-heading\" data-id=\"673a4bf9\" data-element_type=\"widget\" data-widget_type=\"heading.default\">\n\t\t\t\t<div class=\"elementor-widget-container\">\n\t\t\t<style>\/*! elementor - v3.22.0 - 16-06-2024 *\/\n.elementor-heading-title{padding:0;margin:0;line-height:1}.elementor-widget-heading .elementor-heading-title[class*=elementor-size-]>a{color:inherit;font-size:inherit;line-height:inherit}.elementor-widget-heading .elementor-heading-title.elementor-size-small{font-size:15px}.elementor-widget-heading .elementor-heading-title.elementor-size-medium{font-size:19px}.elementor-widget-heading .elementor-heading-title.elementor-size-large{font-size:29px}.elementor-widget-heading .elementor-heading-title.elementor-size-xl{font-size:39px}.elementor-widget-heading .elementor-heading-title.elementor-size-xxl{font-size:59px}<\/style><h2 class=\"elementor-heading-title elementor-size-default\">Agent cynophile<\/h2>\t\t<\/div>\n\t\t\t\t<\/div>\n\t\t\t\t\t<\/div>\n\t\t\t\t<\/div>\n\t\t<div class=\"elementor-element elementor-element-4bf51f07 e-con-full e-flex e-con e-parent\" data-id=\"4bf51f07\" data-element_type=\"container\" data-settings=\"{&quot;background_background&quot;:&quot;classic&quot;}\">\n\t\t<div class=\"elementor-element elementor-element-1a5032ca e-con-full e-flex e-con e-child\" data-id=\"1a5032ca\" data-element_type=\"container\">\n\t\t\t\t<div class=\"elementor-element elementor-element-7e231b7e elementor-widget elementor-widget-image\" data-id=\"7e231b7e\" data-element_type=\"widget\" data-widget_type=\"image.default\">\n\t\t\t\t<div class=\"elementor-widget-container\">\n\t\t\t<style>\/*! elementor - v3.22.0 - 16-06-2024 *\/\n.elementor-widget-image{text-align:center}.elementor-widget-image a{display:inline-block}.elementor-widget-image a img[src$=\".svg\"]{width:48px}.elementor-widget-image img{vertical-align:middle;display:inline-block}<\/style>\t\t\t\t\t\t\t\t\t\t<img fetchpriority=\"high\" decoding=\"async\" width=\"800\" height=\"400\" src=\"https:\/\/enyos.fr\/wp-content\/uploads\/2024\/06\/CYNOPHILE.jpg\" class=\"attachment-large size-large wp-image-19\" alt=\"\" srcset=\"https:\/\/enyos.fr\/wp-content\/uploads\/2024\/06\/CYNOPHILE.jpg 800w, https:\/\/enyos.fr\/wp-content\/uploads\/2024\/06\/CYNOPHILE-300x150.jpg 300w, https:\/\/enyos.fr\/wp-content\/uploads\/2024\/06\/CYNOPHILE-768x384.jpg 768w\" sizes=\"(max-width: 800px) 100vw, 800px\" \/>\t\t\t\t\t\t\t\t\t\t\t\t\t<\/div>\n\t\t\t\t<\/div>\n\t\t\t\t<\/div>\n\t\t<div class=\"elementor-element elementor-element-16ebcf93 e-con-full e-flex e-con e-child\" data-id=\"16ebcf93\" data-element_type=\"container\">\n\t\t\t\t<div class=\"elementor-element elementor-element-4631ae9 elementor-widget elementor-widget-text-editor\" data-id=\"4631ae9\" data-element_type=\"widget\" data-widget_type=\"text-editor.default\">\n\t\t\t\t<div class=\"elementor-widget-container\">\n\t\t\t<style>\/*! elementor - v3.22.0 - 16-06-2024 *\/\n.elementor-widget-text-editor.elementor-drop-cap-view-stacked .elementor-drop-cap{background-color:#69727d;color:#fff}.elementor-widget-text-editor.elementor-drop-cap-view-framed .elementor-drop-cap{color:#69727d;border:3px solid;background-color:transparent}.elementor-widget-text-editor:not(.elementor-drop-cap-view-default) .elementor-drop-cap{margin-top:8px}.elementor-widget-text-editor:not(.elementor-drop-cap-view-default) .elementor-drop-cap-letter{width:1em;height:1em}.elementor-widget-text-editor .elementor-drop-cap{float:left;text-align:center;line-height:1;font-size:50px}.elementor-widget-text-editor .elementor-drop-cap-letter{display:inline-block}<\/style>\t\t\t\t<p>Le R\u00f4le de l&#8217;Agent Cynophile<\/p><p><br \/>L&#8217;agent cynophile, accompagn\u00e9 de son chien, joue un r\u00f4le crucial dans la s\u00e9curit\u00e9, combinant comp\u00e9tences humaines et flair animal pour une surveillance optimale.<\/p><p>1. Patrouille : Les agents cynophiles effectuent des rondes r\u00e9guli\u00e8res avec leurs chiens, d\u00e9tectant toute activit\u00e9 suspecte gr\u00e2ce \u00e0 la vigilance accrue de l&#8217;animal.<\/p><p>2. D\u00e9tection : Les chiens sont entra\u00een\u00e9s pour rep\u00e9rer les substances illicites, les explosifs et d&#8217;autres dangers potentiels, offrant une couche suppl\u00e9mentaire de s\u00e9curit\u00e9.<\/p><p>3. Intervention : En cas de menace, les chiens peuvent immobiliser les intrus ou suspects, permettant aux agents de s\u00e9curiser la situation efficacement.<\/p><p>4. Dissuasion : La pr\u00e9sence d&#8217;un chien dissuade naturellement les comportements d\u00e9lictueux, renfor\u00e7ant la s\u00e9curit\u00e9 par sa simple pr\u00e9sence.<\/p><p>5. Protection : Les agents cynophiles prot\u00e8gent les sites sensibles, les \u00e9v\u00e9nements et les personnes gr\u00e2ce \u00e0 une surveillance active et une r\u00e9ponse rapide aux alertes.<\/p><p>6. Collaboration : Ils travaillent en coordination avec d&#8217;autres agents de s\u00e9curit\u00e9 et services d&#8217;urgence, apportant leur expertise sp\u00e9cifique.<\/p><p>En r\u00e9sum\u00e9, les agents cynophiles combinent les comp\u00e9tences humaines avec les capacit\u00e9s exceptionnelles de leurs chiens pour assurer une s\u00e9curit\u00e9 renforc\u00e9e et une d\u00e9tection rapide des menaces.<\/p>\t\t\t\t\t\t<\/div>\n\t\t\t\t<\/div>\n\t\t\t\t<\/div>\n\t\t\t\t<\/div>\n\t\t\t\t<\/div>\n\t\t","protected":false},"excerpt":{"rendered":"<p>Agent cynophile Le R\u00f4le de l&#8217;Agent Cynophile L&#8217;agent cynophile, accompagn\u00e9 de son chien, joue un r\u00f4le crucial dans la s\u00e9curit\u00e9, combinant comp\u00e9tences humaines et flair animal pour une surveillance optimale. 1. Patrouille : Les agents cynophiles effectuent des rondes r\u00e9guli\u00e8res avec leurs chiens, d\u00e9tectant toute activit\u00e9 suspecte gr\u00e2ce \u00e0 la vigilance accrue de l&#8217;animal. 2&#8230;.<\/p>\n","protected":false},"author":1,"featured_media":19,"parent":115,"menu_order":0,"comment_status":"closed","ping_status":"closed","template":"","meta":{"_kad_post_transparent":"","_kad_post_title":"hide","_kad_post_layout":"fullwidth","_kad_post_sidebar_id":"","_kad_post_content_style":"unboxed","_kad_post_vertical_padding":"hide","_kad_post_feature":"hide","_kad_post_feature_position":"","_kad_post_header":false,"_kad_post_footer":false,"footnotes":""},"class_list":["post-201","page","type-page","status-publish","has-post-thumbnail","hentry"],"_links":{"self":[{"href":"https:\/\/enyos.fr\/index.php\/wp-json\/wp\/v2\/pages\/201","targetHints":{"allow":["GET"]}}],"collection":[{"href":"https:\/\/enyos.fr\/index.php\/wp-json\/wp\/v2\/pages"}],"about":[{"href":"https:\/\/enyos.fr\/index.php\/wp-json\/wp\/v2\/types\/page"}],"author":[{"embeddable":true,"href":"https:\/\/enyos.fr\/index.php\/wp-json\/wp\/v2\/users\/1"}],"replies":[{"embeddable":true,"href":"https:\/\/enyos.fr\/index.php\/wp-json\/wp\/v2\/comments?post=201"}],"version-history":[{"count":4,"href":"https:\/\/enyos.fr\/index.php\/wp-json\/wp\/v2\/pages\/201\/revisions"}],"predecessor-version":[{"id":205,"href":"https:\/\/enyos.fr\/index.php\/wp-json\/wp\/v2\/pages\/201\/revisions\/205"}],"up":[{"embeddable":true,"href":"https:\/\/enyos.fr\/index.php\/wp-json\/wp\/v2\/pages\/115"}],"wp:featuredmedia":[{"embeddable":true,"href":"https:\/\/enyos.fr\/index.php\/wp-json\/wp\/v2\/media\/19"}],"wp:attachment":[{"href":"https:\/\/enyos.fr\/index.php\/wp-json\/wp\/v2\/media?parent=201"}],"curies":[{"name":"wp","href":"https:\/\/api.w.org\/{rel}","templated":true}]}}