{"id":211,"date":"2024-06-20T23:17:25","date_gmt":"2024-06-20T21:17:25","guid":{"rendered":"http:\/\/enyos.fr\/?page_id=211"},"modified":"2024-06-20T23:20:47","modified_gmt":"2024-06-20T21:20:47","slug":"audit-conseil-et-formation-en-securite","status":"publish","type":"page","link":"https:\/\/enyos.fr\/index.php\/notre-offre-de-services\/audit-conseil-et-formation-en-securite\/","title":{"rendered":"Audit conseil et formation en s\u00e9curit\u00e9"},"content":{"rendered":"\t\t<div data-elementor-type=\"wp-page\" data-elementor-id=\"211\" class=\"elementor elementor-211\" data-elementor-post-type=\"page\">\n\t\t\t\t<div class=\"elementor-element elementor-element-67a99039 e-flex e-con-boxed e-con e-parent\" data-id=\"67a99039\" data-element_type=\"container\" data-settings=\"{&quot;background_background&quot;:&quot;classic&quot;}\">\n\t\t\t\t\t<div class=\"e-con-inner\">\n\t\t\t\t<div class=\"elementor-element elementor-element-2dbc7dcd elementor-widget elementor-widget-heading\" data-id=\"2dbc7dcd\" data-element_type=\"widget\" data-widget_type=\"heading.default\">\n\t\t\t\t<div class=\"elementor-widget-container\">\n\t\t\t<style>\/*! elementor - v3.22.0 - 16-06-2024 *\/\n.elementor-heading-title{padding:0;margin:0;line-height:1}.elementor-widget-heading .elementor-heading-title[class*=elementor-size-]>a{color:inherit;font-size:inherit;line-height:inherit}.elementor-widget-heading .elementor-heading-title.elementor-size-small{font-size:15px}.elementor-widget-heading .elementor-heading-title.elementor-size-medium{font-size:19px}.elementor-widget-heading .elementor-heading-title.elementor-size-large{font-size:29px}.elementor-widget-heading .elementor-heading-title.elementor-size-xl{font-size:39px}.elementor-widget-heading .elementor-heading-title.elementor-size-xxl{font-size:59px}<\/style><h2 class=\"elementor-heading-title elementor-size-default\">Audit conseil et formation en s\u00e9curit\u00e9<\/h2>\t\t<\/div>\n\t\t\t\t<\/div>\n\t\t\t\t\t<\/div>\n\t\t\t\t<\/div>\n\t\t<div class=\"elementor-element elementor-element-7159fc3 e-con-full e-flex e-con e-parent\" data-id=\"7159fc3\" data-element_type=\"container\" data-settings=\"{&quot;background_background&quot;:&quot;classic&quot;}\">\n\t\t<div class=\"elementor-element elementor-element-67071a36 e-con-full e-flex e-con e-child\" data-id=\"67071a36\" data-element_type=\"container\">\n\t\t\t\t<div class=\"elementor-element elementor-element-112c9a8b elementor-widget elementor-widget-image\" data-id=\"112c9a8b\" data-element_type=\"widget\" data-widget_type=\"image.default\">\n\t\t\t\t<div class=\"elementor-widget-container\">\n\t\t\t<style>\/*! elementor - v3.22.0 - 16-06-2024 *\/\n.elementor-widget-image{text-align:center}.elementor-widget-image a{display:inline-block}.elementor-widget-image a img[src$=\".svg\"]{width:48px}.elementor-widget-image img{vertical-align:middle;display:inline-block}<\/style>\t\t\t\t\t\t\t\t\t\t<img fetchpriority=\"high\" decoding=\"async\" width=\"800\" height=\"400\" src=\"https:\/\/enyos.fr\/wp-content\/uploads\/2024\/06\/EQUIPE2.jpg\" class=\"attachment-large size-large wp-image-27\" alt=\"\" srcset=\"https:\/\/enyos.fr\/wp-content\/uploads\/2024\/06\/EQUIPE2.jpg 800w, https:\/\/enyos.fr\/wp-content\/uploads\/2024\/06\/EQUIPE2-300x150.jpg 300w, https:\/\/enyos.fr\/wp-content\/uploads\/2024\/06\/EQUIPE2-768x384.jpg 768w\" sizes=\"(max-width: 800px) 100vw, 800px\" \/>\t\t\t\t\t\t\t\t\t\t\t\t\t<\/div>\n\t\t\t\t<\/div>\n\t\t\t\t<\/div>\n\t\t<div class=\"elementor-element elementor-element-3710fb03 e-con-full e-flex e-con e-child\" data-id=\"3710fb03\" data-element_type=\"container\">\n\t\t\t\t<div class=\"elementor-element elementor-element-268d9d36 elementor-widget elementor-widget-text-editor\" data-id=\"268d9d36\" data-element_type=\"widget\" data-widget_type=\"text-editor.default\">\n\t\t\t\t<div class=\"elementor-widget-container\">\n\t\t\t<style>\/*! elementor - v3.22.0 - 16-06-2024 *\/\n.elementor-widget-text-editor.elementor-drop-cap-view-stacked .elementor-drop-cap{background-color:#69727d;color:#fff}.elementor-widget-text-editor.elementor-drop-cap-view-framed .elementor-drop-cap{color:#69727d;border:3px solid;background-color:transparent}.elementor-widget-text-editor:not(.elementor-drop-cap-view-default) .elementor-drop-cap{margin-top:8px}.elementor-widget-text-editor:not(.elementor-drop-cap-view-default) .elementor-drop-cap-letter{width:1em;height:1em}.elementor-widget-text-editor .elementor-drop-cap{float:left;text-align:center;line-height:1;font-size:50px}.elementor-widget-text-editor .elementor-drop-cap-letter{display:inline-block}<\/style>\t\t\t\t<p>Nous offrons des services complets d&#8217;audit, de conseil et de formation pour renforcer la s\u00e9curit\u00e9 de votre organisation.<\/p><p>Audit de S\u00e9curit\u00e9 :<\/p><p>\u00c9valuation des Risques : Identification des vuln\u00e9rabilit\u00e9s et menaces.<br \/>Inspection des Installations : V\u00e9rification de vos syst\u00e8mes de s\u00e9curit\u00e9.<br \/>Recommandations : Propositions d&#8217;am\u00e9liorations sur mesure.<\/p><p>Conseil en S\u00e9curit\u00e9 :<\/p><p>Politiques de S\u00e9curit\u00e9 : \u00c9laboration de strat\u00e9gies adapt\u00e9es.<br \/>Plans de S\u00e9curit\u00e9 : D\u00e9veloppement de protocoles de r\u00e9ponse et d&#8217;urgence.<br \/>Conformit\u00e9 : Assistance pour respecter les r\u00e9glementations.<\/p><p>Formation en S\u00e9curit\u00e9 :<\/p><p>Formation des Agents : Programmes pour nouveaux et anciens agents.<br \/>Sensibilisation du Personnel : Sessions pour tous les employ\u00e9s.<br \/>Simulations d&#8217;Urgence : Exercices pratiques pour pr\u00e9parer aux crises.\u00a0<\/p><p><br \/>Faites nous confiance pour une s\u00e9curit\u00e9 renforc\u00e9e et une pr\u00e9paration optimale.<\/p>\t\t\t\t\t\t<\/div>\n\t\t\t\t<\/div>\n\t\t\t\t<\/div>\n\t\t\t\t<\/div>\n\t\t\t\t<\/div>\n\t\t","protected":false},"excerpt":{"rendered":"<p>Audit conseil et formation en s\u00e9curit\u00e9 Nous offrons des services complets d&#8217;audit, de conseil et de formation pour renforcer la s\u00e9curit\u00e9 de votre organisation. Audit de S\u00e9curit\u00e9 : \u00c9valuation des Risques : Identification des vuln\u00e9rabilit\u00e9s et menaces.Inspection des Installations : V\u00e9rification de vos syst\u00e8mes de s\u00e9curit\u00e9.Recommandations : Propositions d&#8217;am\u00e9liorations sur mesure. Conseil en S\u00e9curit\u00e9 :&#8230;<\/p>\n","protected":false},"author":1,"featured_media":27,"parent":115,"menu_order":0,"comment_status":"closed","ping_status":"closed","template":"","meta":{"_kad_post_transparent":"","_kad_post_title":"hide","_kad_post_layout":"fullwidth","_kad_post_sidebar_id":"","_kad_post_content_style":"unboxed","_kad_post_vertical_padding":"hide","_kad_post_feature":"hide","_kad_post_feature_position":"","_kad_post_header":false,"_kad_post_footer":false,"footnotes":""},"class_list":["post-211","page","type-page","status-publish","has-post-thumbnail","hentry"],"_links":{"self":[{"href":"https:\/\/enyos.fr\/index.php\/wp-json\/wp\/v2\/pages\/211","targetHints":{"allow":["GET"]}}],"collection":[{"href":"https:\/\/enyos.fr\/index.php\/wp-json\/wp\/v2\/pages"}],"about":[{"href":"https:\/\/enyos.fr\/index.php\/wp-json\/wp\/v2\/types\/page"}],"author":[{"embeddable":true,"href":"https:\/\/enyos.fr\/index.php\/wp-json\/wp\/v2\/users\/1"}],"replies":[{"embeddable":true,"href":"https:\/\/enyos.fr\/index.php\/wp-json\/wp\/v2\/comments?post=211"}],"version-history":[{"count":4,"href":"https:\/\/enyos.fr\/index.php\/wp-json\/wp\/v2\/pages\/211\/revisions"}],"predecessor-version":[{"id":215,"href":"https:\/\/enyos.fr\/index.php\/wp-json\/wp\/v2\/pages\/211\/revisions\/215"}],"up":[{"embeddable":true,"href":"https:\/\/enyos.fr\/index.php\/wp-json\/wp\/v2\/pages\/115"}],"wp:featuredmedia":[{"embeddable":true,"href":"https:\/\/enyos.fr\/index.php\/wp-json\/wp\/v2\/media\/27"}],"wp:attachment":[{"href":"https:\/\/enyos.fr\/index.php\/wp-json\/wp\/v2\/media?parent=211"}],"curies":[{"name":"wp","href":"https:\/\/api.w.org\/{rel}","templated":true}]}}